h = 1334. What is the thousands digit of q?
1
Let p = -15177 + 29842. What is the units digit of p?
5
Let h = 245 + -241. Suppose -5*m - 5*y + 3155 = 0, h*m + 2*y - 2548 = 6*y. What is the hundreds digit of m?
6
Let j(f) = f**2 - 9*f + 16. Let w be j(7). Suppose -w*o + 24 + 193 = -5*s, 3*o = -3*s + 357. Suppose -2*u + o = -64. What is the units digit of u?
0
Suppose -4*i - 10185 = -26221. Suppose i = 9*z - 689. What is the hundreds digit of z?
5
Let j be (2 + -2)*(-3)/18*-3. What is the hundreds digit of ((-12)/(-4) + (-782 - j))/(-1)?
7
Let c(b) = -4637*b - 2902. What is the tens digit of c(-4)?
4
Let u(z) = 25*z - 57. Let s be u(2). What is the tens digit of (-2483)/s - 10/(-35) - -4?
5
Let m = -116 - -76. What is the units digit of (((-34272)/(-35))/(-8))/(6/m)?
6
Suppose 30 = 4*c + 2. Suppose -20 = -c*m + 2*m. Suppose -5*q = -m*p - 461, 377 = 3*q + q + 5*p. What is the tens digit of q?
9
Let j be -1 - 15/(-10)*4/2. Let s(a) = -5 - 7*a + 3 - 3 + 5*a**3 - 4*a**3 + 13*a**j. What is the units digit of s(-13)?
6
Suppose 0*n = -5*n + 850. Let v(g) = 17*g - 4. Let y be v(2). Suppose h + 0*h - y = -2*x, -4*h + n = -2*x. What is the tens digit of h?
4
Suppose -531*v + 500*v + 14198 = 0. What is the hundreds digit of v?
4
Let p(m) = m**2 + 2*m + 63. Suppose -3*b + 4*l = 1 - 9, -5*b + 2 = -l. What is the units digit of p(b)?
3
Suppose 0 = -3*k - 4*t + 36, 0*t - 5*t = 2*k - 17. Suppose -k*h + 2671 = -9201. What is the tens digit of h?
4
Let z(k) = k**2 + 5*k - 37. Let w be z(0). Let m = 43 + w. Suppose m*g - 922 = 386. What is the hundreds digit of g?
2
Suppose -11*b + 53503 + 99827 = -51941. What is the units digit of b?
1
Let y = 11942 + 11669. What is the hundreds digit of y?
6
Let k = -10017 + 17514. Suppose -6*x + k + 531 = 0. What is the hundreds digit of x?
3
Let o be (2/4)/((-1)/(-97))*2. Suppose 239 = w - o. What is the tens digit of w?
3
Let t(d) = -d**2 - 26*d + 33. Let r be t(-15). Suppose -3*p + 0*p = r. What is the units digit of (-341)/p + 2/(-12)?
5
Suppose -3*d + 46 = 37. Suppose -2*i - 4*a = -i - 510, -3*a + d = 0. What is the hundreds digit of i?
5
Let w(v) = 4 + 16*v**3 - 2 - 5 - 2*v**2 + 4. Let n be w(1). Suppose n = -r + 56. What is the tens digit of r?
4
Let i be ((-3)/(-8))/(2/16). Suppose 0 = 3*u + i*r + 9, r = -u - 3*r + 6. What is the hundreds digit of (-2051)/(-14) - (-15)/u?
1
Let b(h) = 4*h**3 - h**2 + 2*h + 4. Let s be 6/(-45) - 64/(-30). What is the units digit of b(s)?
6
Suppose 21 = 4*c - c. Let a(o) = 1 + c + o**2 + 3 + o + 16. What is the tens digit of a(0)?
2
Suppose -8*j + 11 = -13. Suppose -4*q = -2*g - 10, g - 4*g - 9 = -j*q. Suppose -5*d = 20, -4*d - 362 = -4*r + q*r. What is the units digit of r?
3
Suppose 39*l - 30390 = 255363. What is the units digit of l?
7
Suppose 15 = q + 8. Suppose 3*t = q*t - 408. What is the units digit of t?
2
Let h = -33228 + 51843. Suppose 0 = -15*t - 0*t + h. What is the hundreds digit of t?
2
Let r(l) = l**2 + 38*l + 81. What is the units digit of r(-130)?
1
Let o = 248 + -244. Let k(c) = 5*c**3 - 4*c**2 - c - 4. What is the units digit of k(o)?
8
Suppose -5*x = 4*r - 401, r = 62*x - 63*x + 99. What is the units digit of r?
4
Suppose 0 = -2*a + 3*m + 5 - 16, -a + 17 = 3*m. Let b be 12/(-4) - (-16)/a. Suppose 158 = -b*w + 713. What is the tens digit of w?
1
Let s(i) = -i**3 + 41*i**2 + 6*i + 871. What is the hundreds digit of s(-21)?
0
Let y(b) = 4*b**3 - 12*b**2 + 16*b - 9. Let c(a) = 9*a - 83. Let i be c(10). What is the tens digit of y(i)?
8
Let d(g) = 32074*g - 648. What is the ten thousands digit of d(1)?
3
Suppose -16 = -2*a + 3*w - 338, -628 = 4*a + 2*w. Let b = -74 - a. What is the units digit of b?
4
What is the tens digit of (-1875)/(-15) + 16 - 11?
3
Let k be ((-2444)/(-235))/((-3)/(30/(-4))). Let d be (-3 - -9)/(1*1/k). Suppose 4*j - 36 = -t, 3*t = 4*j + d + 32. What is the units digit of t?
6
Let q be 8 + -7 - 0/((-2)/(-2)). Let c be 3 + (-1)/(q/1). Suppose r = c*r - 101. What is the tens digit of r?
0
Let b = 228 - -110. Suppose 5595 = 7*w + b. What is the units digit of w?
1
Let m(c) = 65 - 165 - 63 + 12*c. What is the units digit of m(26)?
9
Let q be 1/(-3) + 182/42. Suppose 5*z - 2563 = q*b, 5*z + 6*b - 5*b - 2553 = 0. What is the hundreds digit of z?
5
Suppose 3*x = -2*y + 82339, 9*x - 5*y - 167654 - 79407 = 0. What is the thousands digit of x?
7
Suppose -10 = 5*u, -3*l - 3*u - 4 = 5. What is the thousands digit of 11/((-20)/(-140)*l/(-13))?
1
Let d(m) = 7*m**2 - 22*m + 6. Let t be d(6). Suppose -c = -2*c, 3*r = 5*c + t. Let u = r - 2. What is the tens digit of u?
4
Let v = 24 - 19. Let k = 18 + 672. Suppose k = v*u + u. What is the units digit of u?
5
Suppose 4*m + 3*y + y = 48, 4*y - 21 = -m. Let k(r) = -383*r + m + 391*r - 8*r**2 - 3*r**3 + 2*r**3. What is the units digit of k(-9)?
8
Suppose 0 = 2*w - 8 + 14, 0 = 2*j + 4*w - 164. Suppose -4*z = j - 924. What is the units digit of z?
9
Suppose 5*r - i + 45 = i, 36 = -4*r - 3*i. Let k be (r/27)/(1/(-6)). Suppose -k*x - 2*x = -96. What is the tens digit of x?
2
Suppose 163*b + 9612 = 175*b. What is the tens digit of b?
0
Suppose -2*x - 14*w - 314 = -9*w, -16 = 4*w. What is the units digit of (-1285)/(-7) - 63/x?
4
Let z = 10537 - 4988. What is the hundreds digit of z?
5
Let u be (-18)/15*(-15)/9. Suppose 82 = u*r - 68. Let a = r + 57. What is the units digit of a?
2
Let u be (-1)/(-6) - 164318/(-132). Let f = -664 + u. What is the tens digit of f?
8
Let s be 1/3 + (-7)/21 - -2. Let k be (-4788)/(-30) - (1 - (-7)/(-5)). Suppose 3*v = -s*v + k. What is the units digit of v?
2
Let r be (37/2 - 18)/((-2)/8). Suppose -3*x + 5*g + 11804 = 0, 5*x - 19686 = -0*x + 2*g. What is the units digit of r*(3/4)/((-33)/x)?
9
Suppose -135*c = 30*c - 520245. What is the thousands digit of c?
3
Suppose -11 = -2*b + y, 3*b + 5*y - 3*y - 6 = 0. Suppose -14 = -b*z + 6. Suppose -c = -4*d - z*c + 400, -2*c + 402 = 4*d. What is the hundreds digit of d?
1
Suppose 4*j = 2*j - 2. Let g be (6 + 2)/(j/(1/(-2))). Suppose -5*c = -g*o + 131, 0 = 5*o - 5*c + 108 - 273. What is the units digit of o?
4
Let a = 185 - -186. Suppose -k = -4*k + 15, o - k - a = 0. What is the tens digit of o?
7
Let x = -91 - -94. Suppose -2*g - 4223 = -5*u, 0*u - 2*u + x*g + 1687 = 0. Suppose 0 = -28*a + 33*a - u. What is the tens digit of a?
6
Let v(y) = -y**3 + 9*y**2 + 11*y. Let h be v(10). What is the units digit of 9048/20 + (-4)/h*1?
2
Let q(r) = -r**3 + 17*r**2 + 21*r - 37. Suppose 485 = 38*i - 161. What is the hundreds digit of q(i)?
3
Let a be 1435/(((-35)/(-7))/5). Suppose -2*l + 7 = -3, 5*s = -5*l + a. What is the units digit of s?
2
Let j(l) = 255*l**3 + 3*l**2 - 7*l + 5. Let x be j(1). Let d = x + 217. What is the units digit of d?
3
Suppose -13*u - 3*b - 392 = -17*u, 2*u - 2*b = 194. What is the units digit of u?
1
Let p be (-1 - 3/(-2))*(61 - 3). Suppose 0 = p*s - 31*s - 28. What is the units digit of s - -15 - 115*-1?
6
Let t = -710 + 720. Suppose 3836 = t*f - 1284. What is the tens digit of f?
1
Suppose -3*s + q + 3555 = 0, 5*s + 4*q - 8*q = 5918. What is the tens digit of s?
8
Suppose n - 3*b = -2*n + 3, 3*b = -3. Let c(v) = -v**2 + 3 - v + 0 + n*v + 20*v. What is the units digit of c(14)?
3
What is the hundreds digit of ((-9753534)/1323)/(2/(-14))?
6
Suppose 81 = 3*i - 3*d, -i + 13 + 6 = 3*d. Let m be 6/(-15) + 60/i. Let g(a) = 7*a - 4. What is the tens digit of g(m)?
1
Let j(b) = 39*b**2 + 2*b + 23. Let k(f) = f. Let x(z) = -j(z) - 3*k(z). Let v(g) be the first derivative of x(g). What is the tens digit of v(-2)?
5
Suppose 0 = 5*q + 3*f + 163, 4*q - f = 4*f - 160. Let k = q - -54. Suppose 17*r - k*r = -116. What is the units digit of r?
8
Suppose -4*c = 5*y - 2308, y = 3*c - 3*y - 1731. Suppose 318 = 583*g - c*g. What is the units digit of g?
3
Suppose 2*p + p = -2*u + 2108, -4*u + 2808 = 4*p. What is the units digit of p?
4
Suppose 1290*o - 1392*o + 1159329 = -995319. What is the tens digit of o?
2
Let q = -3229 - -3294. Let c(w) = 189*w - 1. Let r be c(1). Let z = r - q. What is the units digit of z?
3
Suppose -4*y + y + 3 = 0, -2075 = -3*s + y. Suppose -25*u + 23*u = -s. Let p = -235 + u. What is the tens digit of p?
1
Let a(z) = 6*z**2 - 21*z + 666. What is the ten thousands digit of a(-39)?
1
Let y(h) = 33*h**2 - 84*h + 15. What is the units